 greatest common divisor of d and 792.
72
Let r = -7887 + 12857. What is the highest common divisor of 70 and r?
70
Let d be 21/6*-6*-6. Suppose d = -y + 135. Calculate the greatest common factor of 27 and y.
9
Suppose 367 + 353 = 10*o. Calculate the greatest common divisor of 426 and o.
6
Let r(x) = x**3 - 10*x**2 + 31*x - 53. Let a be r(15). Suppose 0 = -a*t + 1543*t - 468. What is the greatest common divisor of t and 91?
13
Suppose 8 = 15*p - 14*p. Suppose -198 = p*u + 1362. Let l = u + 355. What is the highest common factor of l and 20?
20
Let x = 26973 + -26829. What is the greatest common factor of x and 3264?
48
Let m(l) = -29*l**2 + 23*l + 46*l - 15 + l**3 + 0*l**3 - 5*l**2. Let r be m(32). What is the greatest common divisor of 29 and r?
29
Let m = -37934 + 53672. Calculate the highest common divisor of 129 and m.
129
Let t = -1433 - -850. Let w = -183 - t. Let m = w - 208. Calculate the highest common factor of m and 12.
12
Let t be 3 - (6/(-2) + 7). Let y(c) = -928*c**3. Let u be y(t). Let q be (-2)/6 + u/12. Calculate the highest common factor of q and 11.
11
Let g(q) = -q**3 - 6*q**2 + 55*q + 20. Let t be g(-11). Suppose -t*n + 672 = 4*n. Calculate the highest common divisor of 77 and n.
7
Suppose 12*m - 1134 = 13*m - 19*m. What is the greatest common factor of 847 and m?
7
Suppose -16*y + 104630 - 104550 = 0. What is the greatest common divisor of y and 67?
1
Let p = 64383 + -34943. What is the greatest common divisor of 80 and p?
80
Let y be (16/32)/(2/(-4))*0. Suppose y = -6*i - 3*i + 684. Calculate the greatest common divisor of i and 304.
76
Suppose -43*d - 1477 = -36*d. Let a = d - -225. What is the greatest common factor of 1 and a?
1
Let h = 2 + 33. Let w = -39 + h. Let d be ((-5)/w)/((-11)/(-44)). Calculate the highest common divisor of d and 35.
5
Suppose -4*o + 363 = 79. Let u = -44 + o. Suppose 0*x - 2*x + u = a, 3*a - 17 = -2*x. Calculate the highest common divisor of 48 and x.
16
Suppose -4*h + 440 = -5*i, -480 = -4*h - 5*i - 40. Calculate the highest common divisor of 10 and h.
10
Let l(b) = 146*b - 116. Let d be l(2). Calculate the highest common divisor of 506 and d.
22
Let q(b) = 697*b**2 - 3*b - 4. Let c be q(-2). Suppose -48*f = -43*f - c. Calculate the greatest common factor of f and 36.
18
Let x = -195 + 198. Suppose k - 276 = -6*h + x*h, 1136 = 4*k + 4*h. Calculate the greatest common divisor of 32 and k.
32
Let n be (2 - 13*-1) + 50/25. Suppose -n*p + 19*p - 124 = 0. Suppose 0*z = -3*z, 2*a - p = 5*z. What is the greatest common divisor of a and 62?
31
Suppose -16180*t + 34848 = -16164*t. What is the highest common factor of t and 36?
18
Suppose 0 = i + 6 - 2. Let r(x) = 1. Let w(n) = n + 48. Let g(z) = i*r(z) + w(z). Let s be g(-27). What is the highest common divisor of s and 119?
17
Suppose -5*o = 3*i - 4*i - 9, 0 = -4*o - i. Let u = 20 - 11. Let x = u + -7. What is the highest common divisor of o and x?
1
Let q = 14218 - 12370. What is the greatest common divisor of 336 and q?
168
Let h be 438/11 - (-214)/1177. Let k(d) = -d**3 - 5*d**2 - d - 5. Let a be k(-5). Suppose a = 6*w - 4*w - 48. What is the greatest common divisor of w and h?
8
Let o(u) = -794*u - 457. Let r be o(-3). What is the greatest common factor of 350 and r?
175
Suppose -a - 8*a = -36. Suppose -3*y = a*u - 164 + 47, -3*y = 2*u - 111. Calculate the greatest common factor of y and 630.
35
Let w be 6*(-7)/28 - 74/(-4). Let f = w + 68. Let l = -8 - -25. What is the highest common factor of l and f?
17
Suppose 56*a - 31690 - 22182 = 0. What is the greatest common factor of 234 and a?
26
Suppose -5*b - i = -114, 0*b + 89 = 4*b + 3*i. Let r be 10/15 - 31/(-3). Let v = b - r. What is the greatest common factor of 96 and v?
12
Let a be (45 - 27) + 127 - (-18)/2. Suppose t = 4*v + 34, -3*v = 4*t - 7*v - 76. What is the greatest common factor of t and a?
14
Suppose 17 + 5 = 2*x. Let c = -199 - -203. Suppose 0 = c*v + v - 55. What is the greatest common divisor of x and v?
11
Let m be (30/9)/(2/3). Suppose 0 = 3*z + m*f - 159, 3*z + 3*f - 153 = -0*z. Let h = -30 + z. What is the greatest common factor of 36 and h?
18
Let x = 124 + -104. Let w = 8 + x. What is the greatest common divisor of 84 and w?
28
Let d(s) = -17*s - 30. Let p be d(5). Let l = 127 + p. Calculate the greatest common divisor of l and 9.
3
Let m(r) = -2*r + 58. Let k be m(-23). Suppose 11*x - 56 = 4*x. What is the highest common factor of k and x?
8
Let y = 3676 - 3522. Calculate the greatest common factor of 1639 and y.
11
Suppose -4*a - 3*p + 45 = 0, 0 = -a + 55*p - 51*p + 16. Calculate the greatest common factor of a and 548.
4
Let m = 6710 + -6479. Calculate the highest common factor of m and 66.
33
Suppose -534 = -3*y - 3*t + 1425, -t - 1931 = -3*y. Calculate the greatest common factor of y and 133.
19
Suppose -39*k = -37*k - 216. Let s = k + -106. Let q be (15/6)/(1/4). What is the highest common factor of s and q?
2
Let d(p) = 13*p**2 + 24*p + 109. Let l(v) = -7*v**2 - 11*v - 54. Let i(k) = -6*d(k) - 11*l(k). Let c be i(-16). What is the greatest common divisor of 8 and c?
4
Let c be (-68)/2*4/(-8). Let p = -5 + c. Let v = -63 + 71. Calculate the highest common divisor of p and v.
4
Let r be ((2/(-5))/(-1))/((-28)/20720). Let q = 457 + r. What is the highest common divisor of q and 23?
23
Let d be 27/6*((-8)/6 - 0). Let h be (-441)/98*16/d. Calculate the greatest common factor of 156 and h.
12
Let s be (-3)/((-45)/(-6)) - (5 + 3570/(-50)). What is the greatest common divisor of 26 and s?
2
Let a be (-3638)/12 - (-105)/(-126). Let l = -294 - a. Calculate the greatest common factor of 95 and l.
5
Let a = 1 + 4. Suppose 49 = 25*o - 29*o - 5*b, 9 = 3*b. Let z be o/(-6)*33/44. What is the highest common factor of a and z?
1
Suppose 2*z + 536 = 2*k, -3*z + 3*k - 1077 = z. Let m = z - -371. Calculate the highest common divisor of m and 28.
14
Suppose -44*i = -25*i - 4104. What is the highest common divisor of 1404 and i?
108
Suppose 3*s + 3561 = 3*g, 6*s = 2*g + s - 2371. Suppose 42*h - 36*h = g. Calculate the greatest common factor of h and 18.
18
Suppose -4*g = 20, 3*k - 2*g - 289 = -6*g. Suppose 3*r + 7 = k. Let m be ((-2)/15)/(9/(-15)) - 306/(-81). What is the greatest common factor of r and m?
4
Suppose -2*o = -17*i + 13*i - 12084, 3*o - 5*i = 18130. Calculate the greatest common factor of 44 and o.
22
Suppose -5*u - 12*n + 46084 = -9*n, u + 2*n - 9221 = 0. Calculate the highest common divisor of 95 and u.
95
Let b = 4910 - 970. Calculate the greatest common factor of b and 20.
20
Let o be (17 - 15) + -4*(-1 - 9). Let d = o - 36. Let q be 256/2*(-5 + d). What is the highest common factor of 16 and q?
16
Let p(v) = -484*v - 446. Let i be p(-1). Calculate the greatest common divisor of i and 2033.
19
Suppose -787 = -4*w - 5*z, -4*w - z + 717 = -6*z. What is the greatest common divisor of 64 and w?
4
Let f(g) = g**2 + 14*g - 145. Let a be f(-21). Suppose 6*w - 13 = 2*w + 5*y, -a*w = 4*y. What is the greatest common factor of 11 and w?
1
Let s(d) = d**2 + 39*d - 426. Let u be s(9). Suppose 35 - 197 = -3*v. What is the greatest common divisor of u and v?
6
Let o = 10328 + -9971. What is the greatest common factor of 901 and o?
17
Let p(c) = 61*c - 216. Let i be p(6). Let k(y) = 4*y**2 - 6*y + 5. Let q be k(5). What is the greatest common divisor of i and q?
75
Suppose 25*i - 8*i = 3213. Let y = 193 - i. Calculate the greatest common divisor of 56 and y.
4
Let o = -162 - -318. Suppose -7*c + o = -c. Calculate the highest common factor of c and 234.
26
Let w = -80 + 83. Suppose -u - 5*z - 179 = -490, -5*z + 1184 = 4*u. Calculate the highest common divisor of w and u.
3
Suppose -3*n = d - 6833, 2*d + 3123 = 4*n - 6011. Calculate the highest common divisor of n and 80.
40
Suppose -g + 5 = 0, -u - 4*g = -2*u - 14. Let c = 89 - 97. Let b be (465/(-124))/(2/c). Calculate the greatest common factor of u and b.
3
Let y(z) = -63*z**3 - z**2 + 124*z + 256. Let o be y(-2). What is the highest common divisor of 5 and o?
1
Let d(l) = 6*l**2 + 27*l + 9. Let m be d(-10). What is the greatest common factor of m and 4633?
113
Let o = 2727 - 2692. Let d = 29 + -15. Let y = d - 7. Calculate the highest common divisor of y and o.
7
Suppose -124 = -k + 5*r, 0 = -2*k + 4*r + 106 + 166. Calculate t